emainder when 231 is divided by 35?
21
Calculate the remainder when 3593 is divided by 2.
1
What is the remainder when 2028 is divided by 58?
56
Calculate the remainder when 362 is divided by 52.
50
What is the remainder when 171 is divided by 19?
0
Calculate the remainder when 778 is divided by 6.
4
Calculate the remainder when 233 is divided by 199.
34
Calculate the remainder when 1138 is divided by 170.
118
Calculate the remainder when 189 is divided by 106.
83
Calculate the remainder when 1328 is divided by 12.
8
What is the remainder when 266 is divided by 27?
23
Calculate the remainder when 48 is divided by 30.
18
Calculate the remainder when 477 is divided by 55.
37
Calculate the remainder when 584 is divided by 8.
0
Calculate the remainder when 72 is divided by 11.
6
Calculate the remainder when 571 is divided by 44.
43
Calculate the remainder when 215 is divided by 55.
50
What is the remainder when 704 is divided by 118?
114
Calculate the remainder when 75 is divided by 19.
18
What is the remainder when 105 is divided by 42?
21
Calculate the remainder when 5015 is divided by 33.
32
What is the remainder when 69 is divided by 2?
1
Calculate the remainder when 241 is divided by 72.
25
Calculate the remainder when 151 is divided by 22.
19
Calculate the remainder when 474 is divided by 95.
94
What is the remainder when 197 is divided by 22?
21
Calculate the remainder when 4338 is divided by 53.
45
What is the remainder when 105 is divided by 56?
49
What is the remainder when 438 is divided by 151?
136
What is the remainder when 339 is divided by 34?
33
Calculate the remainder when 369 is divided by 50.
19
Calculate the remainder when 114 is divided by 19.
0
Calculate the remainder when 93 is divided by 8.
5
Calculate the remainder when 11209 is divided by 95.
94
What is the remainder when 150 is divided by 20?
10
What is the remainder when 97 is divided by 28?
13
What is the remainder when 140 is divided by 11?
8
Calculate the remainder when 2670 is divided by 57.
48
What is the remainder when 2244 is divided by 745?
9
Calculate the remainder when 436 is divided by 2.
0
What is the remainder when 573 is divided by 231?
111
Calculate the remainder when 663 is divided by 230.
203
Calculate the remainder when 1527 is divided by 253.
9
What is the remainder when 5350 is divided by 122?
104
What is the remainder when 463 is divided by 60?
43
Calculate the remainder when 195 is divided by 68.
59
What is the remainder when 1211 is divided by 13?
2
Calculate the remainder when 825 is divided by 59.
58
What is the remainder when 49 is divided by 21?
7
Calculate the remainder when 1504 is divided by 356.
80
Calculate the remainder when 289 is divided by 7.
2
Calculate the remainder when 214 is divided by 33.
16
Calculate the remainder when 595 is divided by 150.
145
What is the remainder when 349 is divided by 39?
37
What is the remainder when 52 is divided by 28?
24
What is the remainder when 1770 is divided by 432?
42
What is the remainder when 3430 is divided by 26?
24
What is the remainder when 206 is divided by 105?
101
Calculate the remainder when 6152 is divided by 18.
14
Calculate the remainder when 62 is divided by 22.
18
Calculate the remainder when 1061 is divided by 59.
58
Calculate the remainder when 135 is divided by 51.
33
Calculate the remainder when 1205 is divided by 19.
8
Calculate the remainder when 352 is divided by 71.
68
Calculate the remainder when 5543 is divided by 72.
71
What is the remainder when 117 is divided by 5?
2
Calculate the remainder when 1602 is divided by 43.
11
What is the remainder when 419 is divided by 82?
9
What is the remainder when 3167 is divided by 198?
197
What is the remainder when 2044 is divided by 23?
20
What is the remainder when 718 is divided by 19?
15
Calculate the remainder when 3869 is divided by 86.
85
Calculate the remainder when 670 is divided by 42.
40
What is the remainder when 1313 is divided by 18?
17
Calculate the remainder when 168 is divided by 45.
33
What is the remainder when 8891 is divided by 41?
35
Calculate the remainder when 223 is divided by 38.
33
What is the remainder when 546 is divided by 179?
9
What is the remainder when 346 is divided by 10?
6
What is the remainder when 60 is divided by 24?
12
Calculate the remainder when 302 is divided by 145.
12
What is the remainder when 28093 is divided by 15?
13
What is the remainder when 1237 is divided by 307?
9
What is the remainder when 358 is divided by 91?
85
What is the remainder when 3274 is divided by 8?
2
Calculate the remainder when 9575 is divided by 42.
41
Calculate the remainder when 28 is divided by 16.
12
What is the remainder when 1330 is divided by 106?
58
What is the remainder when 5724 is divided by 30?
24
What is the remainder when 532 is divided by 523?
9
Calculate the remainder when 1997 is divided by 77.
72
What is the remainder when 106 is divided by 24?
10
Calculate the remainder when 46 is divided by 30.
16
Calculate the remainder when 1453 is divided by 82.
59
What is the remainder when 164 is divided by 129?
35
Calculate the remainder when 1373 is divided by 125.
123
What is the remainder when 54 is divided by 40?
14
What is the remainder when 1791 is divided by 60?
51
What is the remainder when 699 is divided by 229?
12
Calculate the remainder when 839 is divided by 29.
27
What is the remainder when 214 is divided by 34?
10
Calculate the remainder when 95 is divided by 21.
11
What is the remainder when 906 is divided by 83?
76
What is the remainder when 524 is divided by 118?
52
What is the remainder when 139 is divided by 63?
13
Calculate the remainder when 10026 is divided by 37.
36
What is the remainder when 479 is divided by 8?
7
What is the remainder when 7949 is divided by 3?
2
What is the remainder when 63 is divided by 2?
1
What is the remainder when 263 is divided by 22?
21
What is the remainder when 1372 is divided by 25?
22
Calculate the remainder when 1226 is divided by 335.
221
Calculate the remainder when 71 is divided by 27.
17
Calculate the remainder when 1137 is divided by 38.
35
What is the remainder when 511 is divided by 32?
31
What is the remainder when 2658 is divided by 95?
93
What is the remainder when 119 is divided by 62?
57
Calculate the remainder when 2637 is divided by 132.
129
What is the remainder when 200 is divided by 92?
16
Calculate the remainder when 17 is divided by 7.
3
Calculate the remainder when 448 is divided by 18.
16
What is the remainder when 416 is divided by 72?
56
Calculate the remainder when 7681 is divided by 21.
16
What is the remainder when 232 is divided by 48?
40
What is the remainder when 117 is divided by 1?
0
Calculate the remainder when 202 is divided by 95.
12
Calculate the remainder when 817 is divided by 163.
2
What is the remainder when 26295 is divided by 20?
15
Calculate the remainder when 546 is divided by 79.
72
What is the remainder when 3353 is divided by 112?
105
Calculate the remainder when 416 is divided by 35.
31
What is the remainder when 715 is divided by 390?
325
What is the remainder when 11569 is divided by 10?
9
Calculate the remainder when 195 is divided by 150.
45
What is the remainder when 93 is divided by 9?
3
What is the remainder when 399 is divided by 4?
3
Calculate the remainder when 50 is divided by 11.
6
Calculate the remainder when 558 is divided by 7.
5
Calculate the remainder when 426 is divided by 204.
18
Calculate the remainder when 861 is divided by 43.
1
Calculate the remainder when 202 is divided by 92.
18
What is the remainder when 3210 is divided by 456?
18
What is the remainder when 788 is divided by 158?
156
Calculate the remainder when 87 is divided by 25.
12
Calculate the remainder when 446 is divided by 220.
6
What is the remainder when 408 is divided by 140?
128
What is the remainder when 482 is divided by 22?
20
What is the remainder when 2687 is divided by 64?
63
Calculate the remainder when 862 is divided by 18.
16
Calculate the remainder when 56 is divided by 19.
18
What is the remainder when 888 is divided by 47?
42
Calculate the remainder when 11888 is divided by 23.
20
Calculate the remainder when 509 is divided by 16.
13
What is the remainder when 550 is divided by 92?
90
Calculate th